{"id":239,"date":"2023-03-20T22:10:29","date_gmt":"2023-03-20T22:10:29","guid":{"rendered":"https:\/\/financiafactor.estrategiasdigitales.cl\/?page_id=239"},"modified":"2023-03-27T21:09:26","modified_gmt":"2023-03-28T00:09:26","slug":"contacto","status":"publish","type":"page","link":"https:\/\/financiafactor.estrategiasdigitales.cl\/?page_id=239","title":{"rendered":"Contacto"},"content":{"rendered":"\n<section id=\"gmf010935\" class=\"wp-block-gutentor-m2 section-gmf010935 gutentor-module gutentor-dynamic-columns\"><div class=\"grid-container\"><div class=\"grid-row\">\n<div id=\"col-gmf5370d\" class=\"wp-block-gutentor-m2-col col-gmf5370d gutentor-module gutentor-dynamic-single-column wow slideInUp grid-lg-4 grid-md-4 grid-12\" data-wow-animation=\"slideInUp\" data-wow-iteration=\"1\"><div id=\"section-gmf5370d\" class=\"section-gmf5370d gutentor-single-col\">\n<section id=\"gm2fdd174\" class=\"wp-block-gutentor-m4 section-gm2fdd174 gutentor-module gutentor-advanced-columns\"><div class=\"grid-container gutentor-rm-ct-space\"><div class=\"grid-row\">\n<div id=\"col-gm8c43c4\" class=\"wp-block-gutentor-m4-col col-gm8c43c4 gutentor-single-column  grid-lg-3 grid-md-3 grid-3\"><div id=\"section-gm8c43c4\" class=\"section-gm8c43c4 gutentor-col-wrap\">\n<div id=\"section-ga79e5d\" class=\"wp-block-gutentor-e5 section-ga79e5d gutentor-element gutentor-element-icon gutentor-icon-default text-align-center-mobile\"><div class=\"gutentor-element-icon-box\"><i class=\"far fa-map\"><\/i><\/div><\/div>\n<\/div><\/div>\n\n\n\n<div id=\"col-gmfc23d7\" class=\"wp-block-gutentor-m4-col col-gmfc23d7 gutentor-single-column  grid-lg-9 grid-md-9 grid-9\"><div id=\"section-gmfc23d7\" class=\"section-gmfc23d7 gutentor-col-wrap\">\n<div id=\"section-g17ed41\" class=\"wp-block-gutentor-e0 section-g17ed41 gutentor-element gutentor-element-advanced-text\"><div class=\"gutentor-text-wrap\"><h3 class=\"gutentor-text\">Ubicaci\u00f3n<\/h3><\/div><\/div>\n\n\n\n<div id=\"section-gbc87b1\" class=\"wp-block-gutentor-e0 section-gbc87b1 gutentor-element gutentor-element-advanced-text\"><div class=\"gutentor-text-wrap\"><p class=\"gutentor-text\">Nueva Tajamar 481,Torre Norte, Oficina 703<br>Edificio World Trade Center<br>Las Condes, Santiago<br>Chile<br><\/p><\/div><\/div>\n<\/div><\/div>\n<\/div><\/div><\/section>\n<\/div><\/div>\n\n\n\n<div id=\"col-gm9a5227\" class=\"wp-block-gutentor-m2-col col-gm9a5227 gutentor-module gutentor-dynamic-single-column wow slideInUp grid-lg-4 grid-md-4 grid-12\" data-wow-animation=\"slideInUp\" data-wow-iteration=\"1\"><div id=\"section-gm9a5227\" class=\"section-gm9a5227 gutentor-single-col\">\n<section id=\"gm1804824\" class=\"wp-block-gutentor-m4 section-gm1804824 gutentor-module gutentor-advanced-columns\"><div class=\"grid-container gutentor-rm-ct-space\"><div class=\"grid-row\">\n<div id=\"col-gm4abec4\" class=\"wp-block-gutentor-m4-col col-gm4abec4 gutentor-single-column  grid-lg-3 grid-md-3 grid-3\"><div id=\"section-gm4abec4\" class=\"section-gm4abec4 gutentor-col-wrap\">\n<div id=\"section-gdcf770\" class=\"wp-block-gutentor-e5 section-gdcf770 gutentor-element gutentor-element-icon gutentor-icon-default text-align-center-mobile\"><div class=\"gutentor-element-icon-box\"><i class=\"far fa-envelope\"><\/i><\/div><\/div>\n<\/div><\/div>\n\n\n\n<div id=\"col-gmcf7701\" class=\"wp-block-gutentor-m4-col col-gmcf7701 gutentor-single-column  grid-lg-9 grid-md-9 grid-9\"><div id=\"section-gmcf7701\" class=\"section-gmcf7701 gutentor-col-wrap\">\n<div id=\"section-gf3d05b\" class=\"wp-block-gutentor-e0 section-gf3d05b gutentor-element gutentor-element-advanced-text\"><div class=\"gutentor-text-wrap\"><h3 class=\"gutentor-text\">Email<\/h3><\/div><\/div>\n\n\n\n<div id=\"section-g8ab8de\" class=\"wp-block-gutentor-e0 section-g8ab8de gutentor-element gutentor-element-advanced-text\"><div class=\"gutentor-text-wrap\"><p class=\"gutentor-text\">info@factorfinancia .cl<br>ventas@factorfinancia.cl<br><\/p><\/div><\/div>\n<\/div><\/div>\n<\/div><\/div><\/section>\n<\/div><\/div>\n\n\n\n<div id=\"col-gmb3d5f2\" class=\"wp-block-gutentor-m2-col col-gmb3d5f2 gutentor-module gutentor-dynamic-single-column wow slideInUp grid-lg-4 grid-md-4 grid-12\" data-wow-animation=\"slideInUp\" data-wow-iteration=\"1\"><div id=\"section-gmb3d5f2\" class=\"section-gmb3d5f2 gutentor-single-col\">\n<section id=\"gm95c956f\" class=\"wp-block-gutentor-m4 section-gm95c956f gutentor-module gutentor-advanced-columns\"><div class=\"grid-container gutentor-rm-ct-space\"><div class=\"grid-row\">\n<div id=\"col-gm7cfc25\" class=\"wp-block-gutentor-m4-col col-gm7cfc25 gutentor-single-column  grid-lg-3 grid-md-3 grid-3\"><div id=\"section-gm7cfc25\" class=\"section-gm7cfc25 gutentor-col-wrap\">\n<div id=\"section-g7e6056\" class=\"wp-block-gutentor-e5 section-g7e6056 gutentor-element gutentor-element-icon gutentor-icon-default text-align-center-mobile\"><div class=\"gutentor-element-icon-box\"><i class=\"fas fa-phone-volume\"><\/i><\/div><\/div>\n<\/div><\/div>\n\n\n\n<div id=\"col-gm9967c7\" class=\"wp-block-gutentor-m4-col col-gm9967c7 gutentor-single-column  grid-lg-9 grid-md-9 grid-9\"><div id=\"section-gm9967c7\" class=\"section-gm9967c7 gutentor-col-wrap\">\n<div id=\"section-gb32137\" class=\"wp-block-gutentor-e0 section-gb32137 gutentor-element gutentor-element-advanced-text\"><div class=\"gutentor-text-wrap\"><h3 class=\"gutentor-text\">Tel\u00e9fonos<\/h3><\/div><\/div>\n\n\n\n<div id=\"section-g984b68\" class=\"wp-block-gutentor-e0 section-g984b68 gutentor-element gutentor-element-advanced-text\"><div class=\"gutentor-text-wrap\"><p class=\"gutentor-text\">+562 22443700<br>+562 22443960<br><\/p><\/div><\/div>\n<\/div><\/div>\n<\/div><\/div><\/section>\n<\/div><\/div>\n<\/div><\/div><\/section>\n\n\n\n<section id=\"gmea9635b\" class=\"wp-block-gutentor-m4 section-gmea9635b gutentor-module gutentor-advanced-columns has-color-bg has-custom-bg\"><div class=\"grid-container\"><div class=\"grid-row\">\n<div id=\"col-gm01f17d\" class=\"wp-block-gutentor-m4-col col-gm01f17d gutentor-single-column  grid-lg-7 grid-md-6 grid-12\"><div id=\"section-gm01f17d\" class=\"section-gm01f17d gutentor-col-wrap\">\n<div id=\"section-g1bf7da\" class=\"wp-block-gutentor-e1 section-g1bf7da gutentor-element gutentor-element-advanced-text wow slideInUp\" data-wow-animation=\"slideInUp\"><div class=\"gutentor-text-wrap\"><p class=\"gutentor-text\">No esperes m\u00e1s, <mark style=\"background-color:rgba(0, 0, 0, 0);color:#ee396a\" class=\"has-inline-color\"><a href=\"mailto:info@factorfinancia.cl\">Cont\u00e1ctanos aqu\u00ed<\/a><\/mark> para resolver tus dudas<\/p><\/div><\/div>\n\n\n\n<div id=\"section-g3547dc\" class=\"wp-block-gutentor-e1 section-g3547dc gutentor-element gutentor-element-advanced-text wow slideInUp\" data-wow-animation=\"slideInUp\" data-wow-delay=\"0.1s\"><div class=\"gutentor-text-wrap\"><p class=\"gutentor-text\">\u00f3, ll\u00e1manos directamente al n\u00famero siguiente para soporte inmediato<\/p><\/div><\/div>\n\n\n\n<div id=\"section-gf5a582\" class=\"wp-block-gutentor-e1 section-gf5a582 gutentor-element gutentor-element-advanced-text wow slideInUp\" data-wow-animation=\"slideInUp\" data-wow-delay=\"0.2s\"><div class=\"gutentor-text-wrap\"><p class=\"gutentor-text\">+562 22443960<\/p><\/div><\/div>\n\n\n\n<div id=\"section-gd7415c\" class=\"wp-block-gutentor-e1 section-gd7415c gutentor-element gutentor-element-advanced-text wow slideInUp\" data-wow-animation=\"slideInUp\" data-wow-delay=\"0.3s\"><div class=\"gutentor-text-wrap\"><p class=\"gutentor-text\"><a href=\"mailto:support@cosmoswp.com\">soporte@factorfinancia.cl<\/a><\/p><\/div><\/div>\n\n\n\n<p><\/p>\n<\/div><\/div>\n\n\n\n<div id=\"col-gmdd4789\" class=\"wp-block-gutentor-m4-col col-gmdd4789 gutentor-single-column  grid-lg-5 grid-md-6 grid-12\"><div id=\"section-gmdd4789\" class=\"section-gmdd4789 gutentor-col-wrap\">\n<div class=\"wp-block-columns is-layout-flex wp-container-core-columns-is-layout-9d6595d7 wp-block-columns-is-layout-flex\">\n<div class=\"wp-block-column is-layout-flow wp-block-column-is-layout-flow\" style=\"flex-basis:100%\">\n<section id=\"&lt;p class=&quot;wpcf7-contact-form-not-found&quot;&gt;&lt;strong&gt;Error:&lt;\/strong&gt; Contact form not found.&lt;\/p&gt;\" class=\"wp-block-gutentor-m9 section-g34e747 gutentor-module gutentor-module-form-wrapper has-color-bg has-custom-bg wow slideInUp\" data-wow-animation=\"slideInUp\" data-wow-delay=\"0.5s\" data-wow-iteration=\"1\"><div class=\"grid-container gutentor-rm-ct-space\">\n<div class=\"wpcf7 no-js\" id=\"wpcf7-f5-o1\" lang=\"en-US\" dir=\"ltr\">\n<div class=\"screen-reader-response\"><p role=\"status\" aria-live=\"polite\" aria-atomic=\"true\"><\/p> <ul><\/ul><\/div>\n<form action=\"\/index.php?rest_route=%2Fwp%2Fv2%2Fpages%2F239#wpcf7-f5-o1\" method=\"post\" class=\"wpcf7-form init\" aria-label=\"Contact form\" novalidate=\"novalidate\" data-status=\"init\">\n<div style=\"display: none;\">\n<input type=\"hidden\" name=\"_wpcf7\" value=\"5\" \/>\n<input type=\"hidden\" name=\"_wpcf7_version\" value=\"5.7.5.1\" \/>\n<input type=\"hidden\" name=\"_wpcf7_locale\" value=\"en_US\" \/>\n<input type=\"hidden\" name=\"_wpcf7_unit_tag\" value=\"wpcf7-f5-o1\" \/>\n<input type=\"hidden\" name=\"_wpcf7_container_post\" value=\"0\" \/>\n<input type=\"hidden\" name=\"_wpcf7_posted_data_hash\" value=\"\" \/>\n<\/div>\n<p><label> Nombre<br \/>\n<span class=\"wpcf7-form-control-wrap\" data-name=\"your-name\"><input size=\"40\" class=\"wpcf7-form-control wpcf7-text wpcf7-validates-as-required\" autocomplete=\"name\" aria-required=\"true\" aria-invalid=\"false\" value=\"\" type=\"text\" name=\"your-name\" \/><\/span> <\/label>\n<\/p>\n<p><label> Email<br \/>\n<span class=\"wpcf7-form-control-wrap\" data-name=\"your-email\"><input size=\"40\" class=\"wpcf7-form-control wpcf7-text wpcf7-email wpcf7-validates-as-required wpcf7-validates-as-email\" autocomplete=\"email\" aria-required=\"true\" aria-invalid=\"false\" value=\"\" type=\"email\" name=\"your-email\" \/><\/span> <\/label>\n<\/p>\n<p><label> Referencia<br \/>\n<span class=\"wpcf7-form-control-wrap\" data-name=\"your-subject\"><input size=\"40\" class=\"wpcf7-form-control wpcf7-text wpcf7-validates-as-required\" aria-required=\"true\" aria-invalid=\"false\" value=\"\" type=\"text\" name=\"your-subject\" \/><\/span> <\/label>\n<\/p>\n<p><label> Mensaje (optional)<br \/>\n<span class=\"wpcf7-form-control-wrap\" data-name=\"your-message\"><textarea cols=\"40\" rows=\"10\" class=\"wpcf7-form-control wpcf7-textarea\" aria-invalid=\"false\" name=\"your-message\"><\/textarea><\/span> <\/label>\n<\/p>\n<p><input class=\"wpcf7-form-control has-spinner wpcf7-submit\" type=\"submit\" value=\"Submit\" \/>\n<\/p><p style=\"display: none !important;\"><label>&#916;<textarea name=\"_wpcf7_ak_hp_textarea\" cols=\"45\" rows=\"8\" maxlength=\"100\"><\/textarea><\/label><input type=\"hidden\" id=\"ak_js_1\" name=\"_wpcf7_ak_js\" value=\"114\"\/><script>document.getElementById( \"ak_js_1\" ).setAttribute( \"value\", ( new Date() ).getTime() );<\/script><\/p><div class=\"wpcf7-response-output\" aria-hidden=\"true\"><\/div>\n<\/form>\n<\/div>\n<\/div><\/section>\n<\/div>\n<\/div>\n<\/div><\/div>\n<\/div><\/div><\/section>\n\n\n\n<div id=\"section-gf364b4\" class=\"wp-block-gutentor-e1 section-gf364b4 gutentor-element gutentor-element-advanced-text text-align-center-desktop\"><div class=\"gutentor-text-wrap\"><h2 class=\"gutentor-text\">Nuestra Ubicaci\u00f3n<\/h2><\/div><\/div>\n\n\n\n<div class=\"wp-block-columns is-layout-flex wp-container-core-columns-is-layout-9d6595d7 wp-block-columns-is-layout-flex\">\n<div class=\"wp-block-column is-layout-flow wp-block-column-is-layout-flow\">\n<iframe src=\"https:\/\/www.google.com\/maps\/embed?pb=!1m18!1m12!1m3!1d3330.2690253208007!2d-70.6076965852375!3d-33.41622990314212!2m3!1f0!2f0!3f0!3m2!1i1024!2i768!4f13.1!3m3!1m2!1s0x9662cf42721194a9%3A0xaf26f416ed2d9111!2sTajamar%20481%2C%20Las%20Condes%2C%20Providencia%2C%20Regi%C3%B3n%20Metropolitana%2C%20Chile!5e0!3m2!1ses!2sbr!4v1679599617981!5m2!1ses!2sbr\" width=\"1920\" height=\"500\" style=\"border:0;\" allowfullscreen=\"\" loading=\"lazy\" referrerpolicy=\"no-referrer-when-downgrade\"><\/iframe>\n<\/div>\n<\/div>\n\n\n\n<div id=\"section-gbad487\" class=\"wp-block-gutentor-e0 section-gbad487 gutentor-element gutentor-element-advanced-text\"><div class=\"gutentor-text-wrap\"><p class=\"gutentor-text\"><br><\/p><\/div><\/div>\n","protected":false},"excerpt":{"rendered":"","protected":false},"author":1,"featured_media":0,"parent":0,"menu_order":0,"comment_status":"closed","ping_status":"closed","template":"elementor_header_footer","meta":{"_joinchat":[],"footnotes":""},"class_list":["post-239","page","type-page","status-publish","hentry"],"_links":{"self":[{"href":"https:\/\/financiafactor.estrategiasdigitales.cl\/index.php?rest_route=\/wp\/v2\/pages\/239","targetHints":{"allow":["GET"]}}],"collection":[{"href":"https:\/\/financiafactor.estrategiasdigitales.cl\/index.php?rest_route=\/wp\/v2\/pages"}],"about":[{"href":"https:\/\/financiafactor.estrategiasdigitales.cl\/index.php?rest_route=\/wp\/v2\/types\/page"}],"author":[{"embeddable":true,"href":"https:\/\/financiafactor.estrategiasdigitales.cl\/index.php?rest_route=\/wp\/v2\/users\/1"}],"replies":[{"embeddable":true,"href":"https:\/\/financiafactor.estrategiasdigitales.cl\/index.php?rest_route=%2Fwp%2Fv2%2Fcomments&post=239"}],"version-history":[{"count":24,"href":"https:\/\/financiafactor.estrategiasdigitales.cl\/index.php?rest_route=\/wp\/v2\/pages\/239\/revisions"}],"predecessor-version":[{"id":745,"href":"https:\/\/financiafactor.estrategiasdigitales.cl\/index.php?rest_route=\/wp\/v2\/pages\/239\/revisions\/745"}],"wp:attachment":[{"href":"https:\/\/financiafactor.estrategiasdigitales.cl\/index.php?rest_route=%2Fwp%2Fv2%2Fmedia&parent=239"}],"curies":[{"name":"wp","href":"https:\/\/api.w.org\/{rel}","templated":true}]}}