{"id":503,"date":"2023-03-23T16:38:10","date_gmt":"2023-03-23T16:38:10","guid":{"rendered":"https:\/\/financiafactor.estrategiasdigitales.cl\/?page_id=503"},"modified":"2023-03-28T09:23:39","modified_gmt":"2023-03-28T12:23:39","slug":"factoring-3","status":"publish","type":"page","link":"https:\/\/financiafactor.estrategiasdigitales.cl\/?page_id=503","title":{"rendered":"Financiamiento estructurado basado en activos"},"content":{"rendered":"\n<p><\/p>\n\n\n\n<section id=\"section-87b67bd7-c056-4488-a529-399d93996726\" class=\"wp-block-gutentor-advanced-columns gutentor-section gutentor-advanced-columns has-color-bg has-custom-bg\"><div class=\"grid-container\"><div class=\"grid-row\">\n<div id=\"section-c3f0c20d-2bda-49c9-afc8-3b959413be06\" class=\"wp-block-gutentor-single-column gutentor-single-column  grid-lg-4 grid-md-12 grid-12\"><div class=\"wp-block-image\">\n<figure class=\"aligncenter size-full is-resized\"><img loading=\"lazy\" decoding=\"async\" src=\"https:\/\/financiafactor.estrategiasdigitales.cl\/wp-content\/uploads\/2023\/03\/undraw_completed_steps_re_h9wc-1.svg\" alt=\"\" class=\"wp-image-163\" width=\"326\" height=\"182\"\/><\/figure>\n<\/div>\n\n\n<div id=\"section-gf0882e\" class=\"wp-block-gutentor-e2 section-gf0882e gutentor-element gutentor-element-button\"><span class=\"gutentor-button-wrap\"><a class=\"gutentor-button gutentor-block-button gutentor-icon-hide\" href=\"#\"><i class=\"gutentor-button-icon fas fa-book\"><\/i><span>\u00a1Cotiza aqu\u00ed!<\/span><\/a><\/span><\/div>\n<\/div>\n\n\n\n<div id=\"section-f01bb08b-637e-4859-8d79-ecedc0b9eea6\" class=\"wp-block-gutentor-single-column gutentor-single-column  grid-lg-8 grid-md-12 grid-12\">\n<div class=\"wp-block-columns is-layout-flex wp-container-core-columns-is-layout-9d6595d7 wp-block-columns-is-layout-flex\">\n<div class=\"wp-block-column is-layout-flow wp-block-column-is-layout-flow\" style=\"flex-basis:100%\">\n<div class=\"wp-block-columns is-layout-flex wp-container-core-columns-is-layout-9d6595d7 wp-block-columns-is-layout-flex\">\n<div class=\"wp-block-column is-layout-flow wp-block-column-is-layout-flow\" style=\"flex-basis:100%\">\n<div id=\"section-885c6807-af0b-4e66-ab67-6fd418d3a0da\" class=\"wp-block-gutentor-content-box gutentor-section gutentor-content-box-wrapper content-template1 text-left\"><div class=\"grid-container\"><div class=\"grid-row gutentor-grid-item-wrap\"><div class=\"gutentor-grid-column grid-lg-12 grid-md-12 grid-12\"><div class=\"gutentor-single-item gutentor-single-item-0\"><div class=\"gutentor-single-item-wrap\"><div class=\"gutentor-single-item-content\"><h1 class=\"gutentor-single-item-title\">Financiamiento a medida basado en activos propios<\/h1><p class=\"gutentor-single-item-desc\">Es una forma de obtener financiamiento sin endeudamiento.<br>Servicio de especialidad de nuestros ejecutivos en <strong>Factor Financia<\/strong> basada en conocimientos y experiencia en la industria financiera.<br>Busca generar opciones de incrementos de capital de trabajo para inversiones y proyectos, teniendo en consideraci\u00f3n los flujos futuros que se generan de los mismos.<br>Se conocen bajo el t\u00e9rmino de &#8220;Project Finance&#8221;, para identificar una modalidad de financiamiento otorgado basada en  una estructura de garant\u00edas limitadas y donde los recursos  (deuda y capital) aportados para financiar el proyecto, son remunerados \u00fanicamente por el flujo generado del mismo. <\/p><\/div><\/div><\/div><\/div><\/div><\/div><\/div>\n\n\n\n<section id=\"section-c0bcdf8a-5416-4140-8e2d-2d0af4500941\" class=\"wp-block-gutentor-divider section-c0bcdf8a-5416-4140-8e2d-2d0af4500941 gutentor-element gutentor-section gutentor-divider text-center\"><div class=\"grid-container\"><div class=\"gutentor-divider-box\"><span><svg xmlns=\"http:\/\/www.w3.org\/2000\/svg\" viewBox=\"0 0 240 40\" preserveAspectRatio=\"none\"><path d=\"M56.2 20c5.3-.1 10.6-.2 16-.3l16-.2c10.6-.1 21.3-.1 31.9-.2 10.6.1 21.3 0 31.9.1l16 .2c5.3.1 10.6.2 16 .3-5.3.1-10.6.2-16 .3l-16 .2c-10.6.1-21.3.1-31.9.1-10.6-.1-21.3 0-31.9-.2l-16-.2c-5.4.1-10.7 0-16-.1z\"><\/path><\/svg><\/span><\/div><\/div><\/section>\n<\/div>\n<\/div>\n<\/div>\n<\/div>\n\n\n\n<div id=\"section-317ae334-b042-4d10-8864-f9d9b7bfb1f6\" class=\"wp-block-gutentor-list gutentor-section gutentor-list-wrapper list-template1 text-left\"><div class=\"grid-container\"><div class=\"gutentor-block-header\"><div class=\"gutentor-section-title enable-title-design seperator-bottom text-center\"><h2 class=\"gutentor-title\">Ventajas &amp; Beneficios<\/h2><\/div><\/div><ul class=\"grid-row gutentor-grid-item-wrap list-indicator-icon text-left\"><li class=\"gutentor-list-item grid-lg-4 grid-12 grid-12\"><span class=\"gutentor-single-item gutentor-single-item-0\"><span class=\"gutentor-list-item-wrap\"><span class=\"gutentor-single-list-item-icon\"><i class=\"list-item-icon far fa-check-circle\"><\/i><\/span><span class=\"gutentor-list-item\"><p class=\"gutentor-single-item-title\">Libera recursos al no hacer uso de las l\u00edneas de financiamiento de la empresa <\/p><\/span><\/span><\/span><\/li><li class=\"gutentor-list-item grid-lg-4 grid-12 grid-12\"><span class=\"gutentor-single-item gutentor-single-item-1\"><span class=\"gutentor-list-item-wrap\"><span class=\"gutentor-single-list-item-icon\"><i class=\"list-item-icon far fa-check-circle\"><\/i><\/span><span class=\"gutentor-list-item\"><p class=\"gutentor-single-item-title\">Disminuye los gastos directos asociados a gestiones administrativas y de cobranza  <\/p><\/span><\/span><\/span><\/li><li class=\"gutentor-list-item grid-lg-4 grid-12 grid-12\"><span class=\"gutentor-single-item gutentor-single-item-2\"><span class=\"gutentor-list-item-wrap\"><span class=\"gutentor-single-list-item-icon\"><i class=\"list-item-icon far fa-check-circle\"><\/i><\/span><span class=\"gutentor-list-item\"><p class=\"gutentor-single-item-title\">Genera claridad y transparencia en la gesti\u00f3n de cobranza <\/p><\/span><\/span><\/span><\/li><li class=\"gutentor-list-item grid-lg-4 grid-12 grid-12\"><span class=\"gutentor-single-item gutentor-single-item-3\"><span class=\"gutentor-list-item-wrap\"><span class=\"gutentor-single-list-item-icon\"><i class=\"list-item-icon far fa-check-circle\"><\/i><\/span><span class=\"gutentor-list-item\"><p class=\"gutentor-single-item-title\"> Libera a los ejecutivos de realizar acciones de cobranza que inciden en las relaciones con clientes<\/p><\/span><\/span><\/span><\/li><li class=\"gutentor-list-item grid-lg-4 grid-12 grid-12\"><span class=\"gutentor-single-item gutentor-single-item-4\"><span class=\"gutentor-list-item-wrap\"><span class=\"gutentor-single-list-item-icon\"><i class=\"list-item-icon far fa-check-circle\"><\/i><\/span><span class=\"gutentor-list-item\"><p class=\"gutentor-single-item-title\">Evita tr\u00e1mites y p\u00e9rdidas de tiempo en gestiones para obtener financiamiento por cr\u00e9dito <\/p><\/span><\/span><\/span><\/li><\/ul><\/div><\/div>\n<\/div>\n<\/div><\/div><\/section>\n\n\n\n<section id=\"section-bd565edf-f1d2-4da6-a4e4-c2be5a65d45c\" class=\"wp-block-gutentor-timeline gutentor-section gutentor-timeline cssanimations timeline-template1 has-color-bg has-custom-bg first-item-active\"><div class=\"grid-container\"><div class=\"gutentor-block-header\"><div class=\"gutentor-section-title enable-title-design seperator-bottom text-center\"><h2 class=\"gutentor-title\">Financiamiento a medida basado en activos | Proceso <\/h2><\/div><\/div><div class=\"gutentor-grid-item-wrap\"><div class=\"gutentor-timeline-wrapper\"><div class=\"gutentor-single-item gutentor-single-item-0 gutentor-even\"><div class=\"gutentor-timeline-item\"><div class=\"gutentor-single-item-wrap\"><div class=\"gutentor-timeline-item-circle\"><\/div><div class=\"gutentor-single-item-wrapper\"><div class=\"gutentor-single-item-content gutentor-timeline-item-content\"><div class=\"gutentor-timeline-item-org-title\"><h5 class=\"gutentor-timeline-item-heading-name\">Facturaci\u00f3n y Aceptaci\u00f3n<\/h5><span class=\"gutentor-timeline-item-duration\">Paso 1<\/span><\/div><h3 class=\"gutentor-single-item-title\">Proveedor emite factura por venta<br><\/h3><p class=\"gutentor-single-item-desc\">La factura es aceptada por el comprador y se inicia el plazo de pago para completar la transacci\u00f3n.<br><\/p><\/div><\/div><\/div><\/div><\/div><div class=\"gutentor-single-item gutentor-single-item-1 gutentor-odd\"><div class=\"gutentor-timeline-item\"><div class=\"gutentor-single-item-wrap\"><div class=\"gutentor-timeline-item-circle\"><\/div><div class=\"gutentor-single-item-wrapper\"><div class=\"gutentor-single-item-content gutentor-timeline-item-content\"><div class=\"gutentor-timeline-item-org-title\"><h5 class=\"gutentor-timeline-item-heading-name\">Cesi\u00f3n de documento<\/h5><span class=\"gutentor-timeline-item-duration\">Paso 2<\/span><\/div><h3 class=\"gutentor-single-item-title\">Proveedor realiza la cesi\u00f3n del documento<br><\/h3><p class=\"gutentor-single-item-desc\">El proveedor que emite la factura la entrega a la empresa de factoring mediante un contrato de cesi\u00f3n de documento.<br> <\/p><\/div><\/div><\/div><\/div><\/div><div class=\"gutentor-single-item gutentor-single-item-2 gutentor-even\"><div class=\"gutentor-timeline-item\"><div class=\"gutentor-single-item-wrap\"><div class=\"gutentor-timeline-item-circle\"><\/div><div class=\"gutentor-single-item-wrapper\"><div class=\"gutentor-single-item-content gutentor-timeline-item-content\"><div class=\"gutentor-timeline-item-org-title\"><h5 class=\"gutentor-timeline-item-heading-name\">Validaci\u00f3n y Verificaci\u00f3n<\/h5><span class=\"gutentor-timeline-item-duration\">Paso  3<\/span><\/div><h3 class=\"gutentor-single-item-title\">La empresa de Factoring realiza la verificaci\u00f3n del pagador<br><\/h3><p class=\"gutentor-single-item-desc\">Se realiza un proceso interno de validaci\u00f3n del historial de pago y credenciales del pagador y se acepta o rechaza la solicitud de financiamiento v\u00eda anticipo del pago.<\/p><\/div><\/div><\/div><\/div><\/div><div class=\"gutentor-single-item gutentor-single-item-3 gutentor-odd\"><div class=\"gutentor-timeline-item\"><div class=\"gutentor-single-item-wrap\"><div class=\"gutentor-timeline-item-circle\"><\/div><div class=\"gutentor-single-item-wrapper\"><div class=\"gutentor-single-item-content gutentor-timeline-item-content\"><div class=\"gutentor-timeline-item-org-title\"><h5 class=\"gutentor-timeline-item-heading-name\">Pago de Anticipo<\/h5><span class=\"gutentor-timeline-item-duration\">Paso 4<\/span><\/div><h3 class=\"gutentor-single-item-title\">La empresa de Factoring paga el  anticipo del monto pactado de la factura<br><\/h3><p class=\"gutentor-single-item-desc\">De acuerdo a las credenciales e historial de pago del deudor se determina el % a pago de la factura, la tasa de cobro y se remite el pago al emisor del documento.hort Description<\/p><\/div><\/div><\/div><\/div><\/div><div class=\"gutentor-single-item gutentor-single-item-4 gutentor-even\"><div class=\"gutentor-timeline-item\"><div class=\"gutentor-single-item-wrap\"><div class=\"gutentor-timeline-item-circle\"><\/div><div class=\"gutentor-single-item-wrapper\"><div class=\"gutentor-single-item-content gutentor-timeline-item-content\"><div class=\"gutentor-timeline-item-org-title\"><h5 class=\"gutentor-timeline-item-heading-name\">Gesti\u00f3n de Cobranza y Liquidaci\u00f3n<\/h5><span class=\"gutentor-timeline-item-duration\">Paso  5<\/span><\/div><h3 class=\"gutentor-single-item-title\">La empresa de factoring gestiona la Cobranza y realiza la Liquidaci\u00f3n de la operaci\u00f3n<br><\/h3><p class=\"gutentor-single-item-desc\">Al vencimiento del plazo de pago la empresa de Factoring gestiona y recibe el pago de la factura por parte del deudor y genera una liquidaci\u00f3n del remanente al emisor de la factura.<br>Nota: En caso de no pago&#8230;.Short Description<\/p><\/div><\/div><\/div><\/div><\/div><\/div><\/div><\/div><\/section>\n\n\n\n<section id=\"gm75f0e84\" class=\"wp-block-gutentor-m3 section-gm75f0e84 gutentor-module gutentor-container-cover has-color-bg has-custom-bg\"><div class=\"grid-container\">\n<div class=\"wp-block-columns is-layout-flex wp-container-core-columns-is-layout-9d6595d7 wp-block-columns-is-layout-flex\">\n<div class=\"wp-block-column is-layout-flow wp-block-column-is-layout-flow\" style=\"flex-basis:100%\">\n<section id=\"gm6017199\" class=\"wp-block-gutentor-m3 section-gm6017199 gutentor-module gutentor-container-cover\"><div class=\"grid-container\">\n<section id=\"section-4a816252-26d1-47bd-bd3f-f0492dd73bf3\" class=\"wp-block-gutentor-icon-box gutentor-section gutentor-icon-wrapper icon-template2 has-color-bg has-custom-bg\"><div class=\"grid-container\"><div class=\"grid-row gutentor-grid-item-wrap\"><div class=\"gutentor-grid-column grid-lg-4 grid-md-4 grid-12\"><div class=\"gutentor-single-item gutentor-icon gutentor-single-item-0\"><div class=\"gutentor-single-item-wrap\"><div class=\"gutentor-single-item-icon-box\"><i class=\"far fa-bell\"><\/i><\/div><div class=\"gutentor-single-item-content\"><h4 class=\"gutentor-single-item-title\"> R\u00e1pido<\/h4><p class=\"gutentor-single-item-desc\">Accedes a financiamiento adicional de forma \u00e1gil y en tiempo oprtuno para satisfacer tus necesidades<\/p><a class=\"gutentor-button gutentor-single-item-button gutentor-icon-hide\" href=\"#\"><i class=\"gutentor-button-icon fas fa-book\"><\/i><span>Read More<\/span><\/a><\/div><\/div><\/div><\/div><div class=\"gutentor-grid-column grid-lg-4 grid-md-4 grid-12\"><div class=\"gutentor-single-item gutentor-icon gutentor-single-item-1\"><div class=\"gutentor-single-item-wrap\"><div class=\"gutentor-single-item-icon-box\"><i class=\"fas fa-book-open\"><\/i><\/div><div class=\"gutentor-single-item-content\"><h4 class=\"gutentor-single-item-title\"> Transparente <\/h4><p class=\"gutentor-single-item-desc\">Tienes acceso a tu estado de cuenta y liquidaciones en l\u00ednea con detalle de costos y pagos de cada documento entregado en cesi\u00f3n al factoring  <\/p><a class=\"gutentor-button gutentor-single-item-button gutentor-icon-hide\" href=\"#\"><i class=\"gutentor-button-icon fas fa-book\"><\/i><span>Read More<\/span><\/a><\/div><\/div><\/div><\/div><div class=\"gutentor-grid-column grid-lg-4 grid-md-4 grid-12\"><div class=\"gutentor-single-item gutentor-icon gutentor-single-item-2\"><div class=\"gutentor-single-item-wrap\"><div class=\"gutentor-single-item-icon-box\"><i class=\"fas fa-user-graduate\"><\/i><\/div><div class=\"gutentor-single-item-content\"><h4 class=\"gutentor-single-item-title\"> Seguro <\/h4><p class=\"gutentor-single-item-desc\">Nuestros procesos est\u00e1n certificados y somos una entidad regulada por la Superintendencia de Servicios financieros<\/p><a class=\"gutentor-button gutentor-single-item-button gutentor-icon-hide\" href=\"#\"><i class=\"gutentor-button-icon fas fa-book\"><\/i><span>Read More<\/span><\/a><\/div><\/div><\/div><\/div><\/div><\/div><\/section>\n<\/div><\/section>\n<\/div>\n<\/div>\n\n\n\n<section id=\"gm81f162c\" class=\"wp-block-gutentor-m4 section-gm81f162c gutentor-module gutentor-advanced-columns has-color-bg has-custom-bg\"><div class=\"grid-container\"><div class=\"grid-row\">\n<div id=\"col-gm90912e\" class=\"wp-block-gutentor-m4-col col-gm90912e gutentor-single-column  grid-lg-7 grid-md-6 grid-12\"><div id=\"section-gm90912e\" class=\"section-gm90912e gutentor-col-wrap\">\n<div id=\"section-g1de3f1\" class=\"wp-block-gutentor-e1 section-g1de3f1 gutentor-element gutentor-element-advanced-text wow slideInUp\" data-wow-animation=\"slideInUp\"><div class=\"gutentor-text-wrap\"><p class=\"gutentor-text\"><mark style=\"background-color:rgba(0, 0, 0, 0);color:#ee396a\" class=\"has-inline-color\">Cotiza con nosotros <\/mark>y dale nuevo vuelo a tu negocio<\/p><\/div><\/div>\n\n\n\n<div id=\"section-g41a05f\" class=\"wp-block-gutentor-e1 section-g41a05f gutentor-element gutentor-element-advanced-text wow slideInUp\" data-wow-animation=\"slideInUp\" data-wow-delay=\"0.1s\"><div class=\"gutentor-text-wrap\"><p class=\"gutentor-text\">Ll\u00e1manos para obtener soporte inmediato a tus consultas<\/p><\/div><\/div>\n\n\n\n<div id=\"section-g19ab9b\" class=\"wp-block-gutentor-e1 section-g19ab9b gutentor-element gutentor-element-advanced-text wow slideInUp\" data-wow-animation=\"slideInUp\" data-wow-delay=\"0.2s\"><div class=\"gutentor-text-wrap\"><p class=\"gutentor-text\">+562 22443700<\/p><\/div><\/div>\n\n\n\n<div id=\"section-g887af2\" class=\"wp-block-gutentor-e1 section-g887af2 gutentor-element gutentor-element-advanced-text wow slideInUp\" data-wow-animation=\"slideInUp\" data-wow-delay=\"0.3s\"><div class=\"gutentor-text-wrap\"><p class=\"gutentor-text\"><a href=\"mailto:soporte@factorfinancia.cl\" data-type=\"mailto\" data-id=\"mailto:soporte@factorfinancia.cl\">soporte@factorfinancia.cl<\/a><\/p><\/div><\/div>\n\n\n\n<p><\/p>\n<\/div><\/div>\n\n\n\n<div id=\"col-gm1216a5\" class=\"wp-block-gutentor-m4-col col-gm1216a5 gutentor-single-column  grid-lg-5 grid-md-6 grid-12\"><div id=\"section-gm1216a5\" class=\"section-gm1216a5 gutentor-col-wrap\">\n<div class=\"wp-block-columns are-vertically-aligned-center is-layout-flex wp-container-core-columns-is-layout-9d6595d7 wp-block-columns-is-layout-flex\">\n<div class=\"wp-block-column is-vertically-aligned-center is-layout-flow wp-block-column-is-layout-flow\" style=\"flex-basis:100%\">\n<section id=\"&lt;p class=&quot;wpcf7-contact-form-not-found&quot;&gt;&lt;strong&gt;Error:&lt;\/strong&gt; Contact form not found.&lt;\/p&gt;n\" class=\"wp-block-gutentor-m9 section-g1495cb gutentor-module gutentor-module-form-wrapper has-color-bg has-custom-bg wow slideInUp\" data-wow-animation=\"slideInUp\" data-wow-delay=\"0.5s\" data-wow-iteration=\"1\"><div class=\"grid-container gutentor-rm-ct-space\">\n<div class=\"wpcf7 no-js\" id=\"wpcf7-f481-o1\" lang=\"en-US\" dir=\"ltr\">\n<div class=\"screen-reader-response\"><p role=\"status\" aria-live=\"polite\" aria-atomic=\"true\"><\/p> <ul><\/ul><\/div>\n<form action=\"\/index.php?rest_route=%2Fwp%2Fv2%2Fpages%2F503#wpcf7-f481-o1\" method=\"post\" class=\"wpcf7-form init\" aria-label=\"Contact form\" novalidate=\"novalidate\" data-status=\"init\">\n<div style=\"display: none;\">\n<input type=\"hidden\" name=\"_wpcf7\" value=\"481\" \/>\n<input type=\"hidden\" name=\"_wpcf7_version\" value=\"5.7.5.1\" \/>\n<input type=\"hidden\" name=\"_wpcf7_locale\" value=\"en_US\" \/>\n<input type=\"hidden\" name=\"_wpcf7_unit_tag\" value=\"wpcf7-f481-o1\" \/>\n<input type=\"hidden\" name=\"_wpcf7_container_post\" value=\"0\" \/>\n<input type=\"hidden\" name=\"_wpcf7_posted_data_hash\" value=\"\" \/>\n<\/div>\n<p><label> Nombre<br \/>\n<span class=\"wpcf7-form-control-wrap\" data-name=\"your-name\"><input size=\"40\" class=\"wpcf7-form-control wpcf7-text wpcf7-validates-as-required\" autocomplete=\"name\" aria-required=\"true\" aria-invalid=\"false\" value=\"\" type=\"text\" name=\"your-name\" \/><\/span> <\/label>\n<\/p>\n<p><label> Email<br \/>\n<span class=\"wpcf7-form-control-wrap\" data-name=\"your-email\"><input size=\"40\" class=\"wpcf7-form-control wpcf7-text wpcf7-email wpcf7-validates-as-required wpcf7-validates-as-email\" autocomplete=\"email\" aria-required=\"true\" aria-invalid=\"false\" value=\"\" type=\"email\" name=\"your-email\" \/><\/span> <\/label>\n<\/p>\n<p><label> Solicita Cotizaci\u00f3n<br \/>\n<span class=\"wpcf7-form-control-wrap\" data-name=\"your-subject\"><input size=\"40\" class=\"wpcf7-form-control wpcf7-text wpcf7-validates-as-required\" aria-required=\"true\" aria-invalid=\"false\" value=\"\" type=\"text\" name=\"your-subject\" \/><\/span> <\/label>\n<\/p>\n<p><label> Mensaje (optional)<br \/>\n<span class=\"wpcf7-form-control-wrap\" data-name=\"your-message\"><textarea cols=\"40\" rows=\"10\" class=\"wpcf7-form-control wpcf7-textarea\" aria-invalid=\"false\" name=\"your-message\"><\/textarea><\/span> <\/label>\n<\/p>\n<p><input class=\"wpcf7-form-control has-spinner wpcf7-submit\" type=\"submit\" value=\"Enviar\" \/>\n<\/p><p style=\"display: none !important;\"><label>&#916;<textarea name=\"_wpcf7_ak_hp_textarea\" cols=\"45\" rows=\"8\" maxlength=\"100\"><\/textarea><\/label><input type=\"hidden\" id=\"ak_js_1\" name=\"_wpcf7_ak_js\" value=\"155\"\/><script>document.getElementById( \"ak_js_1\" ).setAttribute( \"value\", ( new Date() ).getTime() );<\/script><\/p><div class=\"wpcf7-response-output\" aria-hidden=\"true\"><\/div>\n<\/form>\n<\/div>\n\n\n<\/div><\/section>\n<\/div>\n<\/div>\n<\/div><\/div>\n<\/div><\/div><\/section>\n<\/div><\/section>\n","protected":false},"excerpt":{"rendered":"","protected":false},"author":1,"featured_media":0,"parent":225,"menu_order":0,"comment_status":"closed","ping_status":"closed","template":"elementor_header_footer","meta":{"_joinchat":[],"footnotes":""},"class_list":["post-503","page","type-page","status-publish","hentry"],"_links":{"self":[{"href":"https:\/\/financiafactor.estrategiasdigitales.cl\/index.php?rest_route=\/wp\/v2\/pages\/503","targetHints":{"allow":["GET"]}}],"collection":[{"href":"https:\/\/financiafactor.estrategiasdigitales.cl\/index.php?rest_route=\/wp\/v2\/pages"}],"about":[{"href":"https:\/\/financiafactor.estrategiasdigitales.cl\/index.php?rest_route=\/wp\/v2\/types\/page"}],"author":[{"embeddable":true,"href":"https:\/\/financiafactor.estrategiasdigitales.cl\/index.php?rest_route=\/wp\/v2\/users\/1"}],"replies":[{"embeddable":true,"href":"https:\/\/financiafactor.estrategiasdigitales.cl\/index.php?rest_route=%2Fwp%2Fv2%2Fcomments&post=503"}],"version-history":[{"count":10,"href":"https:\/\/financiafactor.estrategiasdigitales.cl\/index.php?rest_route=\/wp\/v2\/pages\/503\/revisions"}],"predecessor-version":[{"id":767,"href":"https:\/\/financiafactor.estrategiasdigitales.cl\/index.php?rest_route=\/wp\/v2\/pages\/503\/revisions\/767"}],"up":[{"embeddable":true,"href":"https:\/\/financiafactor.estrategiasdigitales.cl\/index.php?rest_route=\/wp\/v2\/pages\/225"}],"wp:attachment":[{"href":"https:\/\/financiafactor.estrategiasdigitales.cl\/index.php?rest_route=%2Fwp%2Fv2%2Fmedia&parent=503"}],"curies":[{"name":"wp","href":"https:\/\/api.w.org\/{rel}","templated":true}]}}